 c + 5*m - 4*m + 3. Calculate j(a).
4
Let g = -16 - -33. Let b(s) = 9*s**3 - 6*s**2 + 7*s + 5. Let m(a) = -26*a**3 + 17*a**2 - 20*a - 14. Let f(l) = g*b(l) + 6*m(l). Calculate f(1).
-3
Let z(l) = 2*l + 2. Let n(y) = 3*y + 3. Let f = 6 - 3. Let a(v) = f*n(v) - 4*z(v). Let w(p) = p**2 - 11*p - 3. Let u(b) = -6*a(b) - w(b). Give u(3).
3
Let d(u) = u**3 + 4*u**2 + 3*u - 8. Let g(r) = -1. Let b(v) = d(v) - 3*g(v). Determine b(-4).
-17
Let h be -8*-2*(-3)/(-12). Let k(o) = 3*o - h*o + 2 - 3. Let y = 14 + -9. Give k(y).
-6
Let w(u) be the third derivative of 0 - 1/6*u**3 - u**2 + 0*u - 5/24*u**4 + 1/60*u**5. What is w(5)?
-1
Let o(r) = r**3 - r - 15. Let d be o(0). Let s be d/(5 - 2) - 0. Let l(t) be the first derivative of t**4/4 + 2*t**3 + 2*t**2 - 5*t - 6. What is l(s)?
0
Let d(h) be the second derivative of -h**4/12 - h**3/6 + 2*h**2 + 11*h. Calculate d(-4).
-8
Let k(v) = -2*v**2 + 3*v. Suppose 4*u + 4*t = 28, -2*t - 20 = -7*t. Calculate k(u).
-9
Let n(u) = u**2 + u - 3. Let d(q) = 4*q**2 + 4*q - 13. Suppose -5*t = -2*f + 8 + 11, 5*f + 5 = -5*t. Let i(j) = f*d(j) - 9*n(j). Determine i(-1).
1
Let h = -75 - -69. Let s(w) = -w**2 - 7*w - 4. Give s(h).
2
Let j(q) = q**2 + 2*q + 4. Let x(z) = -2*z**2 - 2*z - 4. Let k(d) = 3*j(d) + 2*x(d). Give k(4).
-4
Let t(p) = 4*p - 1. Let x(g) = -5*g. Let q(f) = 6*t(f) + 5*x(f). Let o be 60/(-25)*(-10)/4. Give q(o).
-12
Let f(c) be the third derivative of -c**7/280 - c**6/120 - c**5/60 - c**4/8 + 4*c**3/3 + 4*c**2. Let y(n) be the first derivative of f(n). Give y(-2).
13
Let g(p) = 4*p**2 + p + 1. Suppose 6 - 14 = 3*t + f, -2*t = 3*f + 10. What is g(t)?
15
Let y(p) = 2*p**2 - 16*p + 1. Let o be y(8). Let x(v) be the first derivative of -1/3*v**3 - o + 0*v**2 + 0*v. Give x(-1).
-1
Let w(x) = -4*x + 1. Let s = -14 - -15. Determine w(s).
-3
Let p be -1 + 1 + (2 - 1). Let j(l) = l + p + 0*l - 5. Suppose 4*n + 4*i + 16 = 0, 0*n + 5*n + 3*i + 12 = 0. What is j(n)?
-4
Let b be -2 - -4 - (-2 + -8). Suppose 3*k + b = k. Let u(m) = 2*m + 7. Give u(k).
-5
Let y(s) be the second derivative of -1/12*s**4 - s + 0 + 5/2*s**2 + 1/3*s**3. Give y(5).
-10
Let w(f) = 3*f - 10. Let s(u) = 7*u - 21. Suppose 14 + 18 = 4*v + k, v - 3*k = 21. Let h(q) = v*w(q) - 4*s(q). Calculate h(0).
-6
Let b(x) = x - 3. Let a(i) be the second derivative of -i**4/12 - 7*i**2/2 + 5*i. Let t be a(0). Let p = 12 + t. Give b(p).
2
Let n(x) be the second derivative of x**4/6 - x**3/6 - 4*x. Let g(v) = -v**3 + v**2 + v + 2. Let j be g(0). What is n(j)?
6
Suppose 5*g - 2*m = 3, 4*g - 4 = 3*m + 4. Let t(a) = -a + 1. Let r(s) = -3*s + 1. Let y(v) = g*t(v) + r(v). Give y(-5).
10
Let n(f) be the third derivative of -2*f**2 + 0*f - 2/3*f**3 + 5/24*f**4 + 0 - 1/60*f**5. What is n(6)?
-10
Suppose -50*z + 48*z = 2. Let o(l) = 0 + 3*l**3 - 1 + 0. Give o(z).
-4
Let d(n) be the third derivative of n**7/5040 + n**5/60 - 4*n**2. Let t(w) be the third derivative of d(w). Determine t(-5).
-5
Let v(q) be the first derivative of q**5/40 + q**4/24 - q**3/3 - 1. Let g(c) be the third derivative of v(c). Suppose -4 = -4*l - 0. Determine g(l).
4
Let s be (27 + -6)*4/(-12). Let q(p) = -p + 2. Calculate q(s).
9
Let v(p) be the third derivative of 2*p**2 - 1/6*p**5 + 0 - 1/6*p**3 + 0*p + 1/24*p**4. Give v(1).
-10
Let r(j) = -j**2 + 6*j - 1. Let p(y) = 2*y**2 - 11*y + 1. Let c(h) = 3*p(h) + 5*r(h). Let g be c(-2). Let k = 6 - g. Let q(a) = 2*a**2 + 4*a + 3. Give q(k).
3
Let p(w) be the third derivative of -w**5/60 + w**3/2 - w**2 + 20*w. Let k be 12/(-10) - 2/(-10). Let l be -1*(-6)/(1 - k). Give p(l).
-6
Let n(q) = 4*q + 3. Let j(c) = 6*c + 5. Let z(g) = -6*g - 5. Let u(h) = 3*j(h) + 2*z(h). Let k(o) = -8*n(o) + 5*u(o). Calculate k(-4).
9
Let p be 1*(0 + 3) + 3. Let k(a) = 2*a + 1 + 3*a - 5*a - 5*a. Let g(r) = -r - 1. Let m(l) = 4*g(l) - k(l). Give m(p).
1
Let c = -11 - -13. Let h(n) = -1 - 4*n**2 - c + n**2 + 7*n - 3*n. What is h(2)?
-7
Let c(w) = 1 + 8*w - 7*w + 6*w. Calculate c(1).
8
Let x(j) be the third derivative of j**6/120 - 3*j**5/20 - j**4/12 + 2*j**3 + 2*j**2 + 8. Calculate x(9).
-6
Let h(j) = -2*j**2 + 2*j + 3. Let l(c) = -3*c**2 + 3*c + 7. Let m = -12 + 7. Let p(v) = m*h(v) + 3*l(v). Suppose o + t - 5 = 4*o, -5 = 5*o - t. Give p(o).
6
Let l(g) = 2*g. Let x be l(3). Let v(r) = -10. Let o(n) = n + 11. Let f(u) = 2*o(u) + 3*v(u). Calculate f(x).
4
Let a(h) = -h**3 + 5*h**2 - h + 4. Let q(z) = -z**3 + 11*z**2 - 9*z - 5. Let g be q(10). Suppose 2*r = r. Let v = g + r. Give a(v).
-1
Let v(o) be the third derivative of 0 - 1/4*o**4 + o**2 + 1/60*o**5 + 5/6*o**3 + 0*o. What is v(6)?
5
Let d be (-2)/4 + 9/2. Suppose d*z - 1 = -5. Let s(w) = 4*w - 1. Calculate s(z).
-5
Let j(x) be the third derivative of -x**5/60 - x**4/8 - x**3/3 - x**2. Let u = -11 + 9. Determine j(u).
0
Let v(i) be the first derivative of -3*i**2/2 + 3*i + 1. Let w(b) = b - 9. Let f be w(14). Give v(f).
-12
Let l(g) = g - 8. Let j be l(9). Let k(b) = -3 - 5*b - 6*b**2 + j + 3 - b**3. Give k(-5).
1
Suppose -33 = 20*a - 9*a. Let f(t) = -t**3 - 4*t**2 - 3*t + 4. Calculate f(a).
4
Let t(y) = -2*y + 31. Let z be t(16). Let d(j) = -5*j**3 + j**2 + j + 1. Determine d(z).
6
Let j(w) = w**2 - w + 1. Let y(f) = -f**2 + 5*f + 4. Let k(i) = 2*j(i) + y(i). What is k(-5)?
16
Suppose 0 = f + 2*f. Let r(g) = -g + 0*g + f*g - g - g**2. Give r(-3).
-3
Let l(o) = -o**3 - 3*o**2 + 5*o + 2 - 4*o + 2. Let f = -11 + 8. Determine l(f).
1
Let q(b) be the third derivative of b**6/120 - b**5/15 + b**4/24 - b**3/2 + 2*b**2 + 6*b. Give q(4).
1
Let l(d) = -14*d**3 + 24*d**2 - 38*d + 24. Let g(z) = 5*z**3 - 8*z**2 + 13*z - 8. Let j(u) = -11*g(u) - 4*l(u). Give j(7).
6
Let w(c) = -c**2 - c + 4. Let d be w(-4). Let g(p) = 2 + 3*p**2 - 3*p + 2 - 5*p - 4*p**2. Calculate g(d).
4
Let j(m) = 9*m**3 - 3*m**2 - m - 3. Let f(k) = -2 + 3 - k**3 + 7*k**2 - 4*k**2 - 2*k**2. Let h(t) = -2*f(t) - j(t). Determine h(-1).
8
Let p(h) = h**2 - h - 4. Let u be (0 + (-3)/(-9))*-9. Give p(u).
8
Suppose k + 3 - 34 = 4*l, -l - 49 = -4*k. Suppose 5*g - 14 - k = 0. Let f(z) be the first derivative of -z**4/4 + 4*z**3/3 + 7*z**2/2 - 7*z - 108. Give f(g).
3
Let i(c) = c + 1. Let y(w) = 5*w + 11. Let d(u) = -6*i(u) + y(u). Suppose -2*k - 3 = -3*s - 4, 0 = 5*k - s + 4. Let p be k*(-2)/(-4)*0. Determine d(p).
5
Let p(a) = -11*a**3 + 2*a**2 - 4*a. Let f(o) = 11*o**3 - o**2 + 3*o. Let y(i) = -3*f(i) - 2*p(i). Let g be 1*(0 - (-1 + 2)). Determine y(g).
11
Let z(a) = -10*a**2 - 10*a + 7. Let v be (-7*2)/(1 + 1). Let s(x) = -7*x**2 - 7*x + 5. Let p(l) = v*s(l) + 5*z(l). What is p(-1)?
0
Let h(o) = o**3 - 7*o**2 + 9*o + 2. Let m be h(7). Let s(t) = -64 - 4*t**2 + m + t**3 + t + 2*t**2 + 4*t**2. Give s(-2).
-1
Let u(x) = -x. Let f be u(-4). Let m(w) be the second derivative of w**4/12 - w**3/2 - 3*w**2/2 - w. Determine m(f).
1
Suppose 2*m - 4*m + 4*i = -4, 0 = 5*m + 3*i - 10. Suppose -c - 2 = m*g - 6, 2*g + 8 = -4*c. Let l(n) = n**2 + 2*n - 2. Calculate l(c).
6
Let c(f) = f + 1. Let t(l) = -1. Let h(n) = c(n) + 6*t(n). Let v be (-1 + 9/6)*20. Let d be v/(-15) - 28/(-6). Calculate h(d).
-1
Let c be (1 + -3)/(4 - 2). Let g(s) = 4*s**2 + 2*s + 1. Give g(c).
3
Let b(k) = 6 - 1 - 4 - 2. Let n(z) = -z - 7. Let s(u) = -35*b(u) + 5*n(u). Give s(-1).
5
Let d(p) = -p**2 - 6*p + 9. Let t be d(6). Let g be 8/(-52) + t/13. Let j(v) = -v - 5. Calculate j(g).
0
Let o(f) be the first derivative of -1/3*f**3 - 3*f**2 + 7*f + 3. Determine o(-5).
12
Let g = -8 - -10. Let n(z) = -10 + g*z**3 + 14 - z**3. Calculate n(0).
4
Suppose 2*j + 15 = 3. Let s(r) = -r**2 - 7*r - 7. What is s(j)?
-1
Let p = 7 - 3. Let v(l) = 2*l + p*l**2 + 2 - l**3 - 8*l + l. Determine v(3).
-4
Let h(o) be the second derivative of o**3/3 - 3*o**2 - 3*o. Let d(u) = -u - 1. Let y(a) = 6*a + 6. Let r(i) = 16*d(i) + 3*y(i). Let w be r(2). Determine h(w).
6
Suppose 3*c + 7 = 1. Let l = -11 - -11. Let x = c - l. Let o(f) = f**3 + 4*f**2 + 4*f + 2. Calculate o(x).
2
Let y(b) = -3*b**2 - 5*b - 4. Let j(d) = -2*d**2 - 3*d - 3. Let q(p) = -7*j(p) + 5*y(p). Determine q(-4).
1
Let z = -9 + 5. Let x(l) be the third derivative of -l**4/8 + l**3/6 - 10*l**2 + l. Give x(z).
13
Let l(m) = 5*m**3 - 2*m**2 + m. Let c be l(1). Suppose 0 = 2*d - c*d - 8. Let a(n) = 0*n**2 - 2*n**2 + 3 + n**3 + 4*n + 7*n**2. What is a(d)?
3
Let o be (-4 - (1 - 